{"id":38,"date":"2009-05-29T18:03:59","date_gmt":"2009-05-29T16:03:59","guid":{"rendered":"http:\/\/squatmagdeburg.blogsport.de\/ziele\/"},"modified":"2025-03-24T08:51:43","modified_gmt":"2025-03-24T07:51:43","slug":"liz","status":"publish","type":"page","link":"https:\/\/libertaeres-zentrum-md.org\/","title":{"rendered":"Libert\u00e4res Zentrum"},"content":{"rendered":"\n<figure class=\"wp-block-image size-full\"><img loading=\"lazy\" decoding=\"async\" width=\"940\" height=\"241\" src=\"https:\/\/libertaeres-zentrum-md.org\/wp-content\/uploads\/2020\/03\/cropped-header-3.jpg\" alt=\"\" class=\"wp-image-398\" srcset=\"https:\/\/libertaeres-zentrum-md.org\/wp-content\/uploads\/2020\/03\/cropped-header-3.jpg 940w, https:\/\/libertaeres-zentrum-md.org\/wp-content\/uploads\/2020\/03\/cropped-header-3-300x77.jpg 300w, https:\/\/libertaeres-zentrum-md.org\/wp-content\/uploads\/2020\/03\/cropped-header-3-768x197.jpg 768w\" sizes=\"auto, (max-width: 709px) 85vw, (max-width: 909px) 67vw, (max-width: 1362px) 62vw, 840px\" \/><\/figure>\n\n\n<p>Das Libert\u00e4re Zentrum (L!Z) ist ein Wohn- und Projekthaus in Magdeburg-Salbke. Es ist das Ergebnis einer monatelangen Freiraum-Kampagne im Sommer 2009, in deren Rahmen es eine Hausbesetzung und viele andere Aktionen gab. Mittlerweile sind wir ein gemeinn\u00fctziger Verein, welcher Eigent\u00fcmer des Hauses ist.<\/p>\n<p>Wir m\u00f6chten mit unserem Haus ein solidarisches Miteinander f\u00f6rdern und f\u00fcr eine sozial gerechte Gesellschaft einstehen. Durch unsere Angebote m\u00f6chten wir die Teilhabem\u00f6glichkeiten der Menschen in Salbke und Fermersleben erweitern und gemeinschaftlich betriebene R\u00e4ume anbieten in denen Platz ist, um sich auszutauschen und sich gegenseitig zu helfen und unterst\u00fctzen.<\/p>\n<div class=\"flex-1 overflow-hidden\">\n<div class=\"react-scroll-to-bottom--css-arycz-79elbk h-full dark:bg-gray-800\">\n<div class=\"react-scroll-to-bottom--css-arycz-1n7m0yu\">\n<div class=\"flex flex-col text-sm dark:bg-gray-800\">\n<div class=\"group w-full text-token-text-primary border-b border-black\/10 dark:border-gray-900\/50 bg-gray-50 dark:bg-[#444654]\">\n<div class=\"flex p-4 gap-4 text-base md:gap-6 md:max-w-2xl lg:max-w-[38rem] xl:max-w-3xl md:py-6 lg:px-0 m-auto\">\n<div class=\"relative flex w-[calc(100%-50px)] flex-col gap-1 md:gap-3 lg:w-[calc(100%-115px)]\">\n<div class=\"flex flex-grow flex-col gap-3\">\n<div class=\"min-h-[20px] flex flex-col items-start gap-3 overflow-x-auto whitespace-pre-wrap break-words\">\n<div class=\"markdown prose w-full break-words dark:prose-invert light\">\n<p>Wir m\u00f6chten betonen, dass wir entschieden gegen jede Art von Diskriminierung sind. Wir akzeptieren auch nicht, wenn jemand zu Gruppen oder Organisationen geh\u00f6rt oder diese unterst\u00fctzt, die solche Ansichten verbreiten.<\/p>\n<p>Wir sind dennoch offen f\u00fcr Austausch und treten in Dialog mit Menschen, deren Sichtweisen nicht in allen Punkten unseren politischen Ansichten entsprechen.<\/p>\n<\/div>\n<\/div>\n<\/div>\n<\/div>\n<\/div>\n<\/div>\n<\/div>\n<\/div>\n<\/div>\n<\/div>\n<h3><a name=\"projekte\"><\/a><\/h3>\n\n\n<figure class=\"wp-block-image size-large is-resized\"><img loading=\"lazy\" decoding=\"async\" width=\"1024\" height=\"690\" src=\"https:\/\/libertaeres-zentrum-md.org\/wp-content\/uploads\/2024\/01\/20240126_092437-1024x690.jpg\" alt=\"\" class=\"wp-image-798\" style=\"width:491px;height:auto\" srcset=\"https:\/\/libertaeres-zentrum-md.org\/wp-content\/uploads\/2024\/01\/20240126_092437-1024x690.jpg 1024w, https:\/\/libertaeres-zentrum-md.org\/wp-content\/uploads\/2024\/01\/20240126_092437-300x202.jpg 300w, https:\/\/libertaeres-zentrum-md.org\/wp-content\/uploads\/2024\/01\/20240126_092437-768x518.jpg 768w, https:\/\/libertaeres-zentrum-md.org\/wp-content\/uploads\/2024\/01\/20240126_092437-1536x1035.jpg 1536w, https:\/\/libertaeres-zentrum-md.org\/wp-content\/uploads\/2024\/01\/20240126_092437-2048x1380.jpg 2048w, https:\/\/libertaeres-zentrum-md.org\/wp-content\/uploads\/2024\/01\/20240126_092437-1200x809.jpg 1200w\" sizes=\"auto, (max-width: 709px) 85vw, (max-width: 909px) 67vw, (max-width: 1362px) 62vw, 840px\" \/><\/figure>\n\n\n\n<figure class=\"wp-block-image size-full\"><img loading=\"lazy\" decoding=\"async\" width=\"922\" height=\"943\" src=\"https:\/\/libertaeres-zentrum-md.org\/wp-content\/uploads\/2025\/03\/Design-ohne-Titel-1-2.png\" alt=\"\" class=\"wp-image-847\" srcset=\"https:\/\/libertaeres-zentrum-md.org\/wp-content\/uploads\/2025\/03\/Design-ohne-Titel-1-2.png 922w, https:\/\/libertaeres-zentrum-md.org\/wp-content\/uploads\/2025\/03\/Design-ohne-Titel-1-2-293x300.png 293w, https:\/\/libertaeres-zentrum-md.org\/wp-content\/uploads\/2025\/03\/Design-ohne-Titel-1-2-768x785.png 768w\" sizes=\"auto, (max-width: 709px) 85vw, (max-width: 909px) 67vw, (max-width: 1362px) 62vw, 840px\" \/><\/figure>\n","protected":false},"excerpt":{"rendered":"<p>Das Libert\u00e4re Zentrum (L!Z) ist ein Wohn- und Projekthaus in Magdeburg-Salbke. Es ist das Ergebnis einer monatelangen Freiraum-Kampagne im Sommer 2009, in deren Rahmen es eine Hausbesetzung und viele andere Aktionen gab. Mittlerweile sind wir ein gemeinn\u00fctziger Verein, welcher Eigent\u00fcmer des Hauses ist. Wir m\u00f6chten mit unserem Haus ein solidarisches Miteinander f\u00f6rdern und f\u00fcr eine &hellip; <a href=\"https:\/\/libertaeres-zentrum-md.org\/\" class=\"more-link\">Continue reading<span class=\"screen-reader-text\"> &#8220;Libert\u00e4res Zentrum&#8221;<\/span><\/a><\/p>\n","protected":false},"author":1,"featured_media":0,"parent":0,"menu_order":0,"comment_status":"closed","ping_status":"open","template":"","meta":{"footnotes":""},"class_list":["post-38","page","type-page","status-publish","hentry"],"_links":{"self":[{"href":"https:\/\/libertaeres-zentrum-md.org\/index.php\/wp-json\/wp\/v2\/pages\/38","targetHints":{"allow":["GET"]}}],"collection":[{"href":"https:\/\/libertaeres-zentrum-md.org\/index.php\/wp-json\/wp\/v2\/pages"}],"about":[{"href":"https:\/\/libertaeres-zentrum-md.org\/index.php\/wp-json\/wp\/v2\/types\/page"}],"author":[{"embeddable":true,"href":"https:\/\/libertaeres-zentrum-md.org\/index.php\/wp-json\/wp\/v2\/users\/1"}],"replies":[{"embeddable":true,"href":"https:\/\/libertaeres-zentrum-md.org\/index.php\/wp-json\/wp\/v2\/comments?post=38"}],"version-history":[{"count":8,"href":"https:\/\/libertaeres-zentrum-md.org\/index.php\/wp-json\/wp\/v2\/pages\/38\/revisions"}],"predecessor-version":[{"id":848,"href":"https:\/\/libertaeres-zentrum-md.org\/index.php\/wp-json\/wp\/v2\/pages\/38\/revisions\/848"}],"wp:attachment":[{"href":"https:\/\/libertaeres-zentrum-md.org\/index.php\/wp-json\/wp\/v2\/media?parent=38"}],"curies":[{"name":"wp","href":"https:\/\/api.w.org\/{rel}","templated":true}]}}